 + w*v(p). Give t(-4).
-7
Let p be 2*(-1)/2*5. Let c(n) = n**3 + 0*n**3 + 3486*n**2 - 3480*n**2 - 5 + 6*n + 4. What is c(p)?
-6
Let y(q) = -q**3 + q + 3. Let w(i) = -5*i**3 - 2*i**2 + 6*i + 14. Let m(u) = -2*w(u) + 11*y(u). Give m(5).
-25
Let u = 12 + -10. Let h(y) = 2*y**2 + 0*y**2 - 9*y**u - 3*y**2 - y. What is h(-1)?
-9
Let b(i) = 5*i**2 + 4*i + i**2 - 5*i**2 - 2*i**2 + 2. Determine b(6).
-10
Let s(b) be the third derivative of -3*b**4/8 - b**3/6 - 2*b**2. Let d(o) = 203*o - 610. Let i be d(3). Calculate s(i).
8
Suppose 3*i - 6*i + 3 = 0, 5*k - 28 = 2*i. Let j(u) = -u**3 + 5*u**2 + 7*u - 8. What is j(k)?
-2
Let t(l) = 2480*l - 3 - 2483*l + l**2 + 1. What is t(2)?
-4
Let p(k) = k**3 - k**2 + 1. Suppose -j - 10 = -3*j. Suppose -3*o = 4*c, -j*o + 3*o = -4*c. Let x be 2 + (c - -3)*-1. Give p(x).
-1
Let v(k) = 2*k - 6. Let w(j) = -10 + 0*j - 2*j + 9 - 2*j**2. Let x be w(3). Let z = -19 - x. Give v(z).
6
Let k(x) = 5 - 77*x**2 - x**3 + 46*x**2 + 39*x**2 - 7*x. Determine k(7).
5
Let q(o) be the first derivative of -o**2 - 8*o - 36. Let p = 28 + -35. Give q(p).
6
Let u(j) be the third derivative of -j**5/60 + 5*j**4/12 + 4*j**3/3 + 64*j**2 - 1. Determine u(8).
24
Let b(x) = -22*x**2 - 36*x + 200. Let f(u) = -9*u**2 - 15*u + 80. Let m(a) = 5*b(a) - 12*f(a). Determine m(0).
40
Let m(b) = 2 - 2*b**2 - b**2 + 2*b**2 + 2*b. Suppose -556*s + 14 = -563*s. Determine m(s).
-6
Let u(b) be the third derivative of b**8/20160 - b**7/1008 + b**6/240 + 17*b**5/60 - 28*b**2. Let z(a) be the third derivative of u(a). What is z(6)?
9
Let q(o) = -o - 3. Let n = -23 - -31. Suppose -7*f - n = -5*f. Determine q(f).
1
Suppose 4*j + j + r = 2, -4*j - 11 = 5*r. Let b(s) = 53*s**2 - 27*s**2 - 9 + j + s - 27*s**2. What is b(0)?
-8
Let h(x) = 5*x - 2. Let p(o) = 6*o - 2. Let q(j) = 7*h(j) - 6*p(j). Suppose 7*r + 119 = -7. Let m(s) = -3*s - 58. Let z be m(r). Give q(z).
2
Suppose -103*g + 11 = -102*g. Let h(b) = b**3 - 11*b**2 - 14. Determine h(g).
-14
Let f(x) = -2*x**2 - x. Suppose -42 = 16*t - 26. Give f(t).
-1
Let x(m) = 3*m + 2. Let v be 5/(-3 + 0 + 4). Suppose 0 = v*p - 8*p - 6. What is x(p)?
-4
Suppose -3*x + 4*u - 3*u = -10, -3*u + 40 = 5*x. Let s(f) = -f**2 + 4*f - 5. Calculate s(x).
-10
Let h(c) be the third derivative of c**4/4 - c**3/2 + 3*c**2. Let x be (1/(2/8))/2. Determine h(x).
9
Let w(l) = -l**3 - 8*l**2 - 4*l + 5. Let q be ((-51)/24 - 20/(-160)) + -5. Calculate w(q).
-16
Let q = 118 - 118. Let g(r) = 6 - 4 - r - r**2 + q*r. Calculate g(3).
-10
Let s(c) = 4*c**3 - c**2 - 1. Let n(z) = 7*z**3 - z**2 - 2. Let f(o) = 3*n(o) - 5*s(o). Let w(d) = -4*d + 0*d + 23 - 2*d + 3*d. Let g be w(8). Determine f(g).
0
Suppose -4*x + 70 = 5*b, -x - 95 = b - 6*b. Let d(u) = u - 6. Let f be d(b). Let v = f + -15. Let j(r) = -r**2 - 4*r - 4. Give j(v).
-1
Let k(q) = -q + 4. Suppose -26*u + 31*u = 25. Suppose 5*v + 40 = -u*c, 3 + 2 = -c. What is k(v)?
7
Let j = -845 - -851. Let h(m) = -m**3 + 6*m**2 + 12. Give h(j).
12
Let b(q) = 38*q**2 - q - 1. Let k be b(-1). Let d(u) = 20 + 20 - k - u**2. Let m(y) = y**3 + 4*y**2 + y - 4. Let w be m(-3). Determine d(w).
-2
Let k(v) be the first derivative of v**3/3 + v**2 + 3*v + 4. Let d(w) = 18*w - 92. Let t be d(5). What is k(t)?
3
Let u(f) = -4 + 115*f + 0 - 231*f + 118*f + 0. Calculate u(8).
12
Let y be 3*40/(-15)*6/(-48). Let j(r) = 34*r**2 - r. Determine j(y).
33
Let z = 6 - 5. Let x(a) = z + 5*a - 15*a**2 + 37*a**2 - 21*a**2. Give x(-4).
-3
Let l(f) = 4*f**2 - 8*f - 29. Let y(t) = t**2 - 2*t - 7. Let c(s) = 2*l(s) - 9*y(s). Suppose 0 = -0*m + 4*m - 16. Determine c(m).
-3
Let d(y) be the second derivative of -y**4/12 - 7*y**2 - 3*y - 54. Calculate d(0).
-14
Let f(v) = -v**2 - 1. Let d(l) = -l**2 + 5*l + 1. Let y(x) = -d(x) + 3*f(x). Calculate y(-1).
-1
Suppose 9*n = 64 - 19. Let x(o) = -3*o**3 + o**2 - 7*o**2 + 6 + 6*o - 11 + 4*o**3. What is x(n)?
0
Let p(g) = 16*g**3 + 7*g**2 - 12. Let h(m) = -37*m**3 - 14*m**2 - m + 23. Let x(z) = -3*h(z) - 7*p(z). Calculate x(-7).
-6
Suppose 0 = -5*l - 22*l - 189. Let j(r) = r**2 + 9*r + 11. Determine j(l).
-3
Suppose -5*n + 36 = 2*v - 5*v, 2*v = 4*n - 28. Let z(d) = d**3 - 7*d**2 + 5*d + 14. What is z(n)?
8
Let v(m) = m - 1. Let t be -1*3*1 - (192 + -189). Give v(t).
-7
Let p(x) = 159 - 467 + 151 + 4*x + 150. Calculate p(-6).
-31
Suppose 14*s - 29 = 55. Let x(u) = u**3 - 8*u**2 + 9*u - 4. Calculate x(s).
-22
Let t(n) = -2*n**2 - 3*n + 4. Let j(d) = d**2 + 5*d + 9. Let q be j(-3). Let v(k) = k**2 + 4*k - 5. Let m(r) = q*v(r) + 4*t(r). Let z = 3 + -2. What is m(z)?
-4
Let i(t) be the third derivative of 1/12*t**5 + 0 + 0*t + 35*t**2 + t**3 - 1/120*t**6 - 5/24*t**4. Give i(4).
2
Let n(j) = -j**3 - 4*j**2 + 8*j + 1. Let g(v) = 7*v**3 - 5*v**2 - 7*v - 1. Let d be g(-1). Calculate n(d).
25
Let z(p) = -2*p + 29. Let o(r) = 10*r + 126. Let c be o(-11). Calculate z(c).
-3
Let w(h) = -17*h**2 + h - 1. Let o(b) = -3*b**2 + b - 1. Let y(c) = 4*o(c) - w(c). Calculate y(-3).
33
Let p(m) = 1. Let v(l) = -l + 9. Let w(g) = -5*p(g) + v(g). Let u be (3/6)/(2/24). What is w(u)?
-2
Let c(f) be the second derivative of -f**3/2 - 3*f**2/2 - 24*f. Give c(-3).
6
Let q(s) be the third derivative of -s**6/120 + s**5/30 + s**4/12 - s**3/2 + 2*s**2. Let m(l) = 48*l**3 + l**2 - 1. Let k be m(-1). Let w = k + 50. Give q(w).
1
Let j(v) = -v**2 - 3*v + 13. Suppose -2*m + 2*d = m + 11, -m = 3*d + 11. Let i be j(m). Let c(x) = -x**2 + x - 1. Calculate c(i).
-7
Let c(j) = j**2 - 5*j - 5. Suppose 3*s - 46*a + 50*a = 14, -5*s + 5*a + 35 = 0. Give c(s).
1
Suppose -102 = 7*g - 53. Let o(w) = w**2 + 6*w - 3. Give o(g).
4
Let j(f) = -f + 2 + 10 + 15 - 12. What is j(-6)?
21
Let k = 0 + 1. Let y(b) = b - 1. Let f be y(3). Let u(m) = m**f + k - 3 + m - 1 + 2. Determine u(0).
-1
Suppose -2*o + 102 = -5*s, 5*o - 8 + 28 = 0. Let a = -24 - s. Let b(l) = -l**3 - 4*l**2 - 3*l. Calculate b(a).
-2
Suppose 3*x = -g - 0*g + 7, 0 = -x - 3*g + 5. Suppose 2*z - 5*z - 2 = -4*v, v + 8 = 5*z. Let y(w) = -20*w**3 - 5*w - 2*w**v + 7*w - 1 + 21*w**3. Determine y(x).
3
Let u(s) = -s + 3. Let b be u(0). Suppose t + 2*g = -0*t, 0 = -4*t - b*g. Suppose x + 5 = -t. Let f(y) = -2*y - 2. Calculate f(x).
8
Let n(h) be the third derivative of h**5/60 - 3*h**4/8 - 13*h**3/6 - 151*h**2 + 2. Calculate n(11).
9
Let z = 637 + -649. Let k(d) = -d**3 - 12*d**2 - d - 7. Determine k(z).
5
Let r = -75 + 78. Suppose -3*p = l + 5, 2*l = -r*p + 5*p - 10. Let j(v) = v**3 + 1. Determine j(p).
1
Let u(o) = -28*o**2 + 9*o + 7. Let y(t) = -76*t**2 + 26*t + 20. Let s(w) = -8*u(w) + 3*y(w). Give s(2).
0
Let i(c) = -c**3 - 5*c**2 - 2*c - 3. Suppose 0*t = -2*t - 5*z - 58, 5*t = 4*z - 112. Let w = -268 + 304. Let h be w/t + (-7)/2. What is i(h)?
7
Let m(p) be the first derivative of -23*p**2/2 - 3*p - 252. Give m(-2).
43
Let z(p) = 26*p**2 + p + 1. Let r be z(1). Let c = r - 30. Let d(j) = 2*j**2 + 1. Determine d(c).
9
Let g be (100/195 - -1) + 2/13. Let j(k) be the first derivative of 1/2*k**2 + 5 - g*k**3 + 7*k - 1/4*k**4. Determine j(-5).
2
Suppose 12*r = 10*r + 12. Let c be ((-4)/(-6))/1*r. Let o(p) = 2*p**3 + c*p**2 - 4*p**3 + 5 - 4 + 2*p + p**3. What is o(4)?
9
Suppose -3*y = -6*y - 2*h + 17, 0 = 2*y + 5*h - 15. Let c(r) = -5*r - 7. Let v be 3*1/3*(-2 + -3). Let t(w) = 4*w + 7. Let d(n) = v*c(n) - 6*t(n). Give d(y).
-2
Let m(d) = 5*d**2 - 4 - 10 + 15. Let c = -15 + 14. What is m(c)?
6
Let s(u) = 13*u + 6. Let q(h) = -h - 1. Let o(i) = -3*q(i) - s(i). Let g(p) = -9*p - 3. Let x(y) = -7*g(y) + 6*o(y). Give x(-5).
-12
Suppose 5*q + 2 = -4*h - 1, 5*q + 27 = 4*h. Let k(z) = 5 + h - 6 + 0 - z. Determine k(7).
-5
Let d = -11 + 7. Let g(b) = 6*b - 2. Let o(q) = -3*q - 6 + 8*q + 4. Let h(w) = -4*g(w) + 5*o(w). Give h(d).
-6
Let g(p) be the first derivative of p**4/4 + 4*p**3/3 - 3*p**2 - p - 16. Determine g(-5).
4
Let d(h) = -18 + 374*h - 125*h - 122*h - 130*h. Give d(-9).
9
Let s be -8*3*(-1)/6. Suppose 9*k - s*k + 2*g = -25, 3*g = 0. Let x(p) = 0*p + 3*p - p**3 + 7 - p - 5*p**2. Determine x(k).
-3
Let o(u) = -u**2 - u + 7. Let s be 13*(-4)/(-4)*-1. Let l = -18 - s. What is o(l)?
-13
Let m(u) = -u + 12. Let p be 6/(24/76) + -5. Calculate m(p).
-2
Let b(w) = 2*w. Let g be b(-5). Let u(j) be the third derivative of -j**6/120 - j**5/6 + j**3/2 - 571*j**2 - 1. Calculate u(g).
3
Let i(k) = 2*k